{"id":1537,"date":"2024-05-21T10:30:38","date_gmt":"2024-05-21T09:30:38","guid":{"rendered":"https:\/\/zylaki-rzeszow.pl\/apt\/produkt\/mass-extreme\/"},"modified":"2025-03-09T20:46:32","modified_gmt":"2025-03-09T19:46:32","slug":"mass-extreme","status":"publish","type":"product","link":"https:\/\/lewartowska.pl\/apt\/produkt\/mass-extreme\/","title":{"rendered":"Mass Extreme"},"content":{"rendered":"\n<h2 class=\"wp-block-heading\">Co to jest Mass Extreme i jak dzia\u0142a?<\/h2>\n\n\n\n<p><b>Mass Extreme<\/b> to innowacyjny <b>suplement diety<\/b>, kt\u00f3ry zosta\u0142 stworzony specjalnie dla os\u00f3b d\u0105\u017c\u0105cych do budowania masy mi\u0119\u015bniowej. Kluczowymi sk\u0142adnikami tego preparatu s\u0105 <b>substancje<\/b>, kt\u00f3re wspieraj\u0105 <em>proces anaboliczny<\/em>, co w efekcie prowadzi do szybszego wzrostu i regeneracji mi\u0119\u015bni.<\/p>\n\n\n\n<p><b>Dzia\u0142anie<\/b> Mass Extreme opiera si\u0119 na zwi\u0119kszeniu poziomu azotu w organizmie, co znacznie podnosi <em>efekty<\/em> wch\u0142aniania sk\u0142adnik\u00f3w od\u017cywczych. U\u017cytkownicy zg\u0142aszaj\u0105 popraw\u0119 wydolno\u015bci fizycznej oraz wi\u0119ksz\u0105 energi\u0119 do \u0107wicze\u0144, co wp\u0142ywa na lepsze wyniki treningowe.<\/p>\n\n\n\n<p>Suplement ten znacz\u0105co zwi\u0119ksza produkcj\u0119 hormonu wzrostu (HGH), kt\u00f3ry jest fundamentalny dla rozwoju masy mi\u0119\u015bniowej. Dodatkowo, wzrost wydzielania testosteronu wspiera rozw\u00f3j muskulatury i si\u0142y, co czyni Mass Extreme atrakcyjnym rozwi\u0105zaniem dla sportowc\u00f3w oraz os\u00f3b zaczynaj\u0105cych swoj\u0105 przygod\u0119 z treningiem.<\/p>\n\n\n\n<p>Regularne <b>stosowanie<\/b> Mass Extreme mo\u017ce przynie\u015b\u0107 <em>szybkie efekty<\/em> ju\u017c w ci\u0105gu kilku dni. Niezwykle istotne jest r\u00f3wnie\u017c to, \u017ce ten <b>suplement diety<\/b> wspomaga regeneracj\u0119 organizmu, co umo\u017cliwia szybszy powr\u00f3t do formy po intensywnym wysi\u0142ku.<\/p>\n\n\n\n<h2 class=\"wp-block-heading\">Jakie s\u0105 efekty stosowania Mass Extreme?<\/h2>\n\n\n\n<p><b>Stosowanie<\/b> Mass Extreme przynosi zauwa\u017calne <b>efekty<\/b>, kt\u00f3re s\u0105 dostrzegalne ju\u017c po kr\u00f3tkim czasie. <b>Przyrost masy mi\u0119\u015bniowej<\/b>, kt\u00f3ry wynosi oko\u0142o 2,5 kg, to jedno z g\u0142\u00f3wnych korzy\u015bci, jakie u\u017cytkownicy wskazuj\u0105 w swoich <em>opinie u\u017cytkownik\u00f3w<\/em>. Opr\u00f3cz widocznych efekt\u00f3w w postaci wi\u0119kszej obj\u0119to\u015bci mi\u0119\u015bni, wielu zauwa\u017ca tak\u017ce <em>wz zwi\u0119kszenie si\u0142y<\/em> oraz wytrzyma\u0142o\u015bci.<\/p>\n\n\n\n<p>Korzystanie z suplementu powoduje, \u017ce osoby regularnie trenuj\u0105ce staj\u0105 si\u0119 bardziej zmotywowane, co przek\u0142ada si\u0119 na lepsze wyniki podczas sesji treningowych. Jest to zas\u0142ug\u0105 naturalnych sk\u0142adnik\u00f3w, takich jak wyci\u0105g z fenugreek oraz kwas D-asparaginowy, kt\u00f3re wspieraj\u0105 procesy hormonalne i regeneracyjne w organizmie. Suplement dzia\u0142a w spos\u00f3b, kt\u00f3ry pozwala na sta\u0142e <b>efekty<\/b> przy systematycznym stosowaniu.<\/p>\n\n\n\n<p>Wielu u\u017cytkownik\u00f3w podkre\u015bla r\u00f3wnie\u017c, \u017ce <b>efekty Mass Extreme<\/b> s\u0105 sta\u0142e, o ile <b>stosowanie<\/b> suplementu towarzyszy zbilansowanej diecie oraz regularnym treningom. Zauwa\u017calny wzrost si\u0142y i masy mi\u0119\u015bniowej jest mo\u017cliwy do osi\u0105gni\u0119cia w okresie od 1 do 3 miesi\u0119cy. D\u0142u\u017csze stosowanie mo\u017ce prowadzi\u0107 do znacz\u0105cej transformacji sylwetki.<\/p>\n\n\n\n<figure class=\"wp-block-table\"><table class=\"has-fixed-layout\"><tbody><tr><th>Efekt<\/th><th>Czas osi\u0105gni\u0119cia<\/th><th>Przyrost masy mi\u0119\u015bniowej<\/th><th>Opinie u\u017cytkownik\u00f3w<\/th><\/tr><tr><td><b>Przyrost masy mi\u0119\u015bniowej<\/b><\/td><td>1-3 miesi\u0105ce<\/td><td>oko\u0142o 2.5 kg<\/td><td>Wi\u0119kszo\u015b\u0107 pozytywnych<\/td><\/tr><tr><td><b>Zwi\u0119kszenie si\u0142y<\/b><\/td><td>2-4 tygodnie<\/td><td>Niedok\u0142adnie okre\u015blony<\/td><td>Potwierdzaj\u0105 wielu u\u017cytkownik\u00f3w<\/td><\/tr><tr><td>Lepsza motywacja do treningu<\/td><td>1 tydzie\u0144<\/td><td>N\/A<\/td><td>Wysokie<\/td><\/tr><tr><td>Poprawa wytrzyma\u0142o\u015bci<\/td><td>2-3 tygodnie<\/td><td>N\/A<\/td><td>Potwierdzane<\/td><\/tr><\/tbody><\/table><\/figure>\n\n\n\n<p>Ka\u017cda sesja treningowa z Mass Extreme staje si\u0119 nie tylko bardziej efektywna, ale tak\u017ce przyjemniejsza, co w d\u0142u\u017cszej perspektywie wp\u0142ywa na satysfakcj\u0119 i osi\u0105ganie cel\u00f3w. Wszelkie <em>efekty Mass Extreme<\/em> sprawiaj\u0105, \u017ce suplement cieszy si\u0119 rosn\u0105c\u0105 popularno\u015bci\u0105 na rynku zdrowego stylu \u017cycia.<\/p>\n\n\n\n<h2 class=\"wp-block-heading\">Dawkowanie Mass Extreme &#8211; Jak stosowa\u0107?<\/h2>\n\n\n\n<p><b>Dawkowanie Mass Extreme<\/b> jest kluczowe dla osi\u0105gni\u0119cia najlepszych efekt\u00f3w. Suplement zaleca si\u0119 stosowa\u0107 w dawkach 2 kapsu\u0142ki dziennie. W ten spos\u00f3b mo\u017cna przyj\u0105\u0107 maksymalnie 4 kapsu\u0142ki w ci\u0105gu jednego dnia. W przypadku stosowania dw\u00f3ch porcji, ka\u017cda porcja wymaga wypicia przynajmniej 300 ml wody. Oznacza to, \u017ce dobowe spo\u017cycie wody wynosi 600 ml, co wspiera procesy metaboliczne.<\/p>\n\n\n\n<p>Zaleca si\u0119 przyjmowanie suplementu w dniach treningowych przed \u0107wiczeniami oraz w dni nietreningowe. Regularne stosowanie, po\u0142\u0105czone z odpowiedni\u0105 diet\u0105 oraz planem treningowym, wp\u0142ywa na zauwa\u017caln\u0105 popraw\u0119 definicji mi\u0119\u015bni oraz ich obj\u0119to\u015bci. Wzrost masy mi\u0119\u015bniowej mo\u017cna zaobserwowa\u0107 po oko\u0142o 4-6 tygodniach regularnego stosowania.<\/p>\n\n\n\n<p>Poni\u017cej znajduje si\u0119 <em>instrukcja dotycz\u0105ca sposobu stosowania<\/em> Mass Extreme:<\/p>\n\n\n\n<figure class=\"wp-block-table\"><table class=\"has-fixed-layout\"><tbody><tr><th>Etap<\/th><th>Dawkowanie<\/th><th>Uwagi<\/th><\/tr><tr><td>Przyjmowanie kapsu\u0142ek<\/td><td>2 kapsu\u0142ki dziennie<\/td><td>Mo\u017cna zwi\u0119kszy\u0107 do 4 kapsu\u0142ek w przypadku intensywnego treningu<\/td><\/tr><tr><td>Woda<\/td><td>600 ml dziennie<\/td><td>300 ml na ka\u017cd\u0105 porcj\u0119<\/td><\/tr><tr><td>Czas przyjmowania<\/td><td>Przed treningiem i w dni nietreningowe<\/td><td>Wsparcie regeneracji mi\u0119\u015bni<\/td><\/tr><tr><td>Czas stosowania<\/td><td>4-6 tygodni<\/td><td>Oczekiwany wzrost masy mi\u0119\u015bniowej<\/td><\/tr><\/tbody><\/table><\/figure>\n\n\n\n<p>Mass Extreme promowane jest jako bezpieczny produkt, nie zawieraj\u0105cy szkodliwych substancji, co czyni go atrakcyjn\u0105 opcj\u0105 dla os\u00f3b chc\u0105cych zwi\u0119kszy\u0107 swoj\u0105 mas\u0119 mi\u0119\u015bniow\u0105. Korzystne efekty mo\u017cna osi\u0105gn\u0105\u0107 przy odpowiednim sposobie stosowania oraz dba\u0142o\u015bci o diet\u0119 i trening.<\/p>\n\n\n\n<h2 class=\"wp-block-heading\">Mass Extreme &#8211; Opinie i Recenzje &#8211; Co m\u00f3wi\u0105 u\u017cytkownicy?<\/h2>\n\n\n\n<p><b>Opinie Mass Extreme<\/b> s\u0105 w wi\u0119kszo\u015bci pozytywne, zw\u0142aszcza w kontek\u015bcie osi\u0105ganych rezultat\u00f3w. U\u017cytkownicy cz\u0119sto dziel\u0105 si\u0119 swoimi <em>do\u015bwiadczeniami<\/em> na <b>forum u\u017cytkownik\u00f3w<\/b>, podkre\u015blaj\u0105c znacz\u0105cy wzrost si\u0142y oraz masy mi\u0119\u015bniowej. Wiele <em>recenzji<\/em> wskazuje na to, \u017ce maksymalny wzrost masy mi\u0119\u015bniowej osi\u0105gany dzi\u0119ki stosowaniu tego suplementu wynosi nawet 96%. U\u017cytkownicy zauwa\u017caj\u0105, \u017ce ich si\u0142a zwi\u0119ksza si\u0119 \u015brednio o 147%, co wyr\u00f3\u017cnia Mass Extreme na tle innych produkt\u00f3w dost\u0119pnych na rynku.<\/p>\n\n\n\n<p>W opinii wielu u\u017cytkownik\u00f3w suplement przyczyni\u0142 si\u0119 do uzyskania 30% wi\u0119cej mocy podczas trening\u00f3w. Osoby korzystaj\u0105ce z Mass Extreme informuj\u0105 tak\u017ce o mo\u017cliwo\u015bci wykonania 4 razy wi\u0119cej powt\u00f3rze\u0144, co pozwala na d\u0142u\u017csze i bardziej efektywne sesje treningowe. Taki progres nie tylko motywuje, ale tak\u017ce wp\u0142ywa pozytywnie na samopoczucie oraz wyniki \u0107wicze\u0144.<\/p>\n\n\n\n<p>Na <b>forum u\u017cytkownik\u00f3w<\/b> mo\u017cna znale\u017a\u0107 r\u00f3\u017cnorodne opinie, kt\u00f3re cz\u0119sto potwierdzaj\u0105, \u017ce klucz do sukcesu tkwi w regularnym stosowaniu suplementu przez minimum 2-3 miesi\u0105ce. Zawarto\u015b\u0107 naturalnych sk\u0142adnik\u00f3w oraz synergiczny wp\u0142yw wyci\u0105g\u00f3w, takich jak Tribulus Terrestris i D-asparaginian, wp\u0142ywaj\u0105 na <b>efektywno\u015b\u0107<\/b> dzia\u0142ania Mass Extreme.<\/p>\n\n\n\n<p>Mimo licznych korzy\u015bci, u\u017cytkownicy przestrzegaj\u0105 przed stosowaniem suplementu osobom z przeciwwskazaniami, takimi jak ci\u0105\u017ca czy nadwra\u017cliwo\u015b\u0107 na sk\u0142adniki. Opinie te \u015bwiadcz\u0105 o potrzebie przemy\u015blanej decyzji przed rozpocz\u0119ciem kuracji. Potwierdza to zr\u00f3\u017cnicowanie w opiniach, kt\u00f3re zwracaj\u0105 uwag\u0119 na indywidualne potrzeby i reakcje organizmu na suplementacj\u0119.<\/p>\n\n\n\n<h2 class=\"wp-block-heading\">Mass Extreme &#8211; Sk\u0142ad<\/h2>\n\n\n\n<p>W <b>sk\u0142ad Mass Extreme<\/b> wchodz\u0105 wysokiej jako\u015bci <em>substancje<\/em>, kt\u00f3re wspieraj\u0105 efektywny proces budowania masy mi\u0119\u015bniowej. G\u0142\u00f3wne sk\u0142adniki zosta\u0142y starannie dobrane, zapewniaj\u0105c optymalne <b>dzia\u0142anie<\/b> i <b>efektywno\u015b\u0107<\/b> suplementu.<\/p>\n\n\n\n<ul class=\"wp-block-list\">\n<li><strong>Kompleks aminokwas\u00f3w:<\/strong> kluczowy dla regeneracji mi\u0119\u015bni i wspomagania syntezy bia\u0142ek.<\/li>\n\n\n\n<li><strong>Bia\u0142ko:<\/strong> jego zawarto\u015b\u0107 w jednej porcji wynosi 30 g, co odpowiada 60% dziennej warto\u015bci.<\/li>\n\n\n\n<li><strong>W\u0119glowodany:<\/strong> totalna ilo\u015b\u0107 w\u0119glowodan\u00f3w w porcji wynosi 230 g, co stanowi 84% dziennej warto\u015bci.<\/li>\n\n\n\n<li><strong>T\u0142uszcze:<\/strong> niskot\u0142uszczowa formu\u0142a zawiera zaledwie 2,5 g w przypadku lod\u00f3w waniliowych.<\/li>\n\n\n\n<li><strong>Witaminy i minera\u0142y:<\/strong> produkt jest \u017ar\u00f3d\u0142em witaminy C, wapnia, \u017celaza oraz potasu, kt\u00f3re wspieraj\u0105 og\u00f3lne zdrowie organizmu.<\/li>\n<\/ul>\n\n\n\n<p><b>Sk\u0142ad Mass Extreme<\/b> daje zapewnienie o wysokiej efektywno\u015bci, gdy\u017c jego zapotrzebowanie na sk\u0142adniki od\u017cywcze jest dostosowane do potrzeb aktywnych os\u00f3b d\u0105\u017c\u0105cych do zwi\u0119kszenia masy mi\u0119\u015bniowej.<\/p>\n\n\n\n<p>U\u017cycie Mass Extreme jako suplementu diety wspiera rozw\u00f3j masy mi\u0119\u015bniowej dzi\u0119ki po\u0142\u0105czeniu r\u00f3\u017cnych <em>substancji<\/em>, kt\u00f3re wykazuj\u0105 synergiczne <b>dzia\u0142anie<\/b>, co zwi\u0119ksza jego <em>efektywno\u015b\u0107<\/em>.<\/p>\n\n\n\n<h2 class=\"wp-block-heading\">Cena Mass Extreme &#8211; Gdzie kupi\u0107?<\/h2>\n\n\n\n<p>Je\u015bli zale\u017cy Ci na zakupie oryginalnego Mass Extreme, musisz pami\u0119ta\u0107, \u017ce jest on dost\u0119pny tylko na stronie producenta. To jedyne miejsce, gdzie mo\u017cna skorzysta\u0107 z gwarantowanych promocji i rabat\u00f3w. Producent cz\u0119sto oferuje zni\u017cki dla nowych klient\u00f3w, promocje sezonowe oraz atrakcyjne pakiety, kt\u00f3re pozwalaj\u0105 na wi\u0119ksze oszcz\u0119dno\u015bci. Warto \u015bledzi\u0107 stron\u0119 na bie\u017c\u0105co, aby nie przegapi\u0107 najlepszych okazji.<\/p>\n\n\n\n<h2 class=\"wp-block-heading\">Mass Extreme &#8211; Skutki uboczne i przeciwwskazania &#8211; Bezpiecze\u0144stwo stosowania<\/h2>\n\n\n\n<p>Cho\u0107 Mass Extreme jest uwa\u017cany za bezpieczny <b>suplement diety<\/b> do budowania masa mi\u0119\u015bniowej, jak ka\u017cdy produkt, mo\u017ce wywo\u0142a\u0107 <strong>skutki uboczne<\/strong> u niekt\u00f3rych u\u017cytkownik\u00f3w. W\u015br\u00f3d potencjalnych objaw\u00f3w znajduj\u0105 si\u0119 b\u00f3le g\u0142owy, problemy ze snem, k\u0142opoty \u017co\u0142\u0105dkowe oraz zmiany nastroju. Dlatego wa\u017cne jest, aby osoby planuj\u0105ce jego stosowanie skonsultowa\u0142y si\u0119 z lekarzem, zw\u0142aszcza gdy maj\u0105 istniej\u0105ce problemy zdrowotne.<\/p>\n\n\n\n<p>Warto r\u00f3wnie\u017c zwr\u00f3ci\u0107 uwag\u0119 na <strong>przeciwwskazania<\/strong>, kt\u00f3re obejmuj\u0105 choroby serca, nerek, alergie na sk\u0142adniki suplementu, a tak\u017ce ci\u0105\u017c\u0119 lub okres laktacji. Ka\u017cda z tych okoliczno\u015bci stawia na pierwszym miejscu <strong>bezpiecze\u0144stwo<\/strong> stosowania produktu. Niezastosowanie si\u0119 do zalece\u0144 mo\u017ce prowadzi\u0107 do niepo\u017c\u0105danych efekt\u00f3w.<\/p>\n\n\n\n<p>Zawsze nale\u017cy przestrzega\u0107 zalecanego dawkowania i przyjmowa\u0107 Mass Extreme zgodnie z instrukcjami producenta, co zminimalizuje ryzyko wyst\u0105pienia <strong>skutk\u00f3w ubocznych<\/strong> oraz zwi\u0119kszy skuteczno\u015b\u0107 suplementacji. Zdecydowanie, zdrowie powinno by\u0107 priorytetem, dlatego wa\u017cne jest, aby monitorowa\u0107 w\u0142asne odczucia podczas stosowania.<\/p>\n","protected":false},"excerpt":{"rendered":"<p>Co to jest Mass Extreme i jak dzia\u0142a? Mass Extreme to innowacyjny suplement diety, kt\u00f3ry zosta\u0142 stworzony specjalnie dla os\u00f3b d\u0105\u017c\u0105cych do budowania masy mi\u0119\u015bniowej. Kluczowymi sk\u0142adnikami tego preparatu s\u0105 substancje, kt\u00f3re wspieraj\u0105 proces anaboliczny, co w efekcie prowadzi do szybszego wzrostu i regeneracji mi\u0119\u015bni. Dzia\u0142anie Mass Extreme opiera si\u0119 na zwi\u0119kszeniu poziomu azotu w&hellip;&nbsp;<a href=\"https:\/\/lewartowska.pl\/apt\/produkt\/mass-extreme\/\" rel=\"bookmark\">Read More &raquo;<span class=\"screen-reader-text\">Mass Extreme<\/span><\/a><\/p>\n","protected":false},"featured_media":1536,"comment_status":"open","ping_status":"closed","template":"","meta":{"neve_meta_sidebar":"","neve_meta_container":"","neve_meta_enable_content_width":"","neve_meta_content_width":0,"neve_meta_title_alignment":"","neve_meta_author_avatar":"","neve_post_elements_order":"","neve_meta_disable_header":"","neve_meta_disable_footer":"","neve_meta_disable_title":"","neve_meta_reading_time":""},"product_brand":[],"product_cat":[21],"product_tag":[],"class_list":{"0":"post-1537","1":"product","2":"type-product","3":"status-publish","4":"has-post-thumbnail","6":"product_cat-zdrowie","8":"first","9":"instock","10":"sale","11":"shipping-taxable","12":"product-type-external"},"yoast_head":"<!-- This site is optimized with the Yoast SEO plugin v27.4 - https:\/\/yoast.com\/product\/yoast-seo-wordpress\/ -->\n<title>Mass Extreme - Opinie, Cena - 50%, Sk\u0142ad, Efekty, Apteka, Forum | Lewartowska<\/title>\n<meta name=\"robots\" content=\"index, follow, max-snippet:-1, max-image-preview:large, max-video-preview:-1\" \/>\n<link rel=\"canonical\" href=\"https:\/\/lewartowska.pl\/apt\/produkt\/mass-extreme\/\" \/>\n<meta property=\"og:locale\" content=\"pl_PL\" \/>\n<meta property=\"og:type\" content=\"article\" \/>\n<meta property=\"og:title\" content=\"Mass Extreme - Opinie, Cena - 50%, Sk\u0142ad, Efekty, Apteka, Forum | Lewartowska\" \/>\n<meta property=\"og:description\" content=\"Co to jest Mass Extreme i jak dzia\u0142a? Mass Extreme to innowacyjny suplement diety, kt\u00f3ry zosta\u0142 stworzony specjalnie dla os\u00f3b d\u0105\u017c\u0105cych do budowania masy mi\u0119\u015bniowej. Kluczowymi sk\u0142adnikami tego preparatu s\u0105 substancje, kt\u00f3re wspieraj\u0105 proces anaboliczny, co w efekcie prowadzi do szybszego wzrostu i regeneracji mi\u0119\u015bni. Dzia\u0142anie Mass Extreme opiera si\u0119 na zwi\u0119kszeniu poziomu azotu w&hellip;&nbsp;Read More &raquo;Mass Extreme\" \/>\n<meta property=\"og:url\" content=\"https:\/\/lewartowska.pl\/apt\/produkt\/mass-extreme\/\" \/>\n<meta property=\"og:site_name\" content=\"Lewartowska\" \/>\n<meta property=\"article:modified_time\" content=\"2025-03-09T19:46:32+00:00\" \/>\n<meta property=\"og:image\" content=\"https:\/\/lewartowska.pl\/apt\/wp-content\/uploads\/2024\/05\/Mass-Extreme.jpg\" \/>\n\t<meta property=\"og:image:width\" content=\"768\" \/>\n\t<meta property=\"og:image:height\" content=\"768\" \/>\n\t<meta property=\"og:image:type\" content=\"image\/jpeg\" \/>\n<meta name=\"twitter:card\" content=\"summary_large_image\" \/>\n<meta name=\"twitter:label1\" content=\"Szacowany czas czytania\" \/>\n\t<meta name=\"twitter:data1\" content=\"1 minuta\" \/>\n<script type=\"application\/ld+json\" class=\"yoast-schema-graph\">{\"@context\":\"https:\\\/\\\/schema.org\",\"@graph\":[{\"@type\":\"WebPage\",\"@id\":\"https:\\\/\\\/lewartowska.pl\\\/apt\\\/produkt\\\/mass-extreme\\\/\",\"url\":\"https:\\\/\\\/lewartowska.pl\\\/apt\\\/produkt\\\/mass-extreme\\\/\",\"name\":\"Mass Extreme - Opinie, Cena - 50%, Sk\u0142ad, Efekty, Apteka, Forum | Lewartowska\",\"isPartOf\":{\"@id\":\"https:\\\/\\\/lewartowska.pl\\\/apt\\\/#website\"},\"primaryImageOfPage\":{\"@id\":\"https:\\\/\\\/lewartowska.pl\\\/apt\\\/produkt\\\/mass-extreme\\\/#primaryimage\"},\"image\":{\"@id\":\"https:\\\/\\\/lewartowska.pl\\\/apt\\\/produkt\\\/mass-extreme\\\/#primaryimage\"},\"thumbnailUrl\":\"https:\\\/\\\/lewartowska.pl\\\/apt\\\/wp-content\\\/uploads\\\/2024\\\/05\\\/Mass-Extreme.jpg\",\"datePublished\":\"2024-05-21T09:30:38+00:00\",\"dateModified\":\"2025-03-09T19:46:32+00:00\",\"breadcrumb\":{\"@id\":\"https:\\\/\\\/lewartowska.pl\\\/apt\\\/produkt\\\/mass-extreme\\\/#breadcrumb\"},\"inLanguage\":\"pl-PL\",\"potentialAction\":[{\"@type\":\"ReadAction\",\"target\":[\"https:\\\/\\\/lewartowska.pl\\\/apt\\\/produkt\\\/mass-extreme\\\/\"]}]},{\"@type\":\"ImageObject\",\"inLanguage\":\"pl-PL\",\"@id\":\"https:\\\/\\\/lewartowska.pl\\\/apt\\\/produkt\\\/mass-extreme\\\/#primaryimage\",\"url\":\"https:\\\/\\\/lewartowska.pl\\\/apt\\\/wp-content\\\/uploads\\\/2024\\\/05\\\/Mass-Extreme.jpg\",\"contentUrl\":\"https:\\\/\\\/lewartowska.pl\\\/apt\\\/wp-content\\\/uploads\\\/2024\\\/05\\\/Mass-Extreme.jpg\",\"width\":768,\"height\":768},{\"@type\":\"BreadcrumbList\",\"@id\":\"https:\\\/\\\/lewartowska.pl\\\/apt\\\/produkt\\\/mass-extreme\\\/#breadcrumb\",\"itemListElement\":[{\"@type\":\"ListItem\",\"position\":1,\"name\":\"Strona g\u0142\u00f3wna\",\"item\":\"https:\\\/\\\/lewartowska.pl\\\/apt\\\/\"},{\"@type\":\"ListItem\",\"position\":2,\"name\":\"Main\",\"item\":\"https:\\\/\\\/lewartowska.pl\\\/apt\\\/\"},{\"@type\":\"ListItem\",\"position\":3,\"name\":\"Mass Extreme\"}]},{\"@type\":\"WebSite\",\"@id\":\"https:\\\/\\\/lewartowska.pl\\\/apt\\\/#website\",\"url\":\"https:\\\/\\\/lewartowska.pl\\\/apt\\\/\",\"name\":\"Lewartowska\",\"description\":\"\",\"potentialAction\":[{\"@type\":\"SearchAction\",\"target\":{\"@type\":\"EntryPoint\",\"urlTemplate\":\"https:\\\/\\\/lewartowska.pl\\\/apt\\\/?s={search_term_string}\"},\"query-input\":{\"@type\":\"PropertyValueSpecification\",\"valueRequired\":true,\"valueName\":\"search_term_string\"}}],\"inLanguage\":\"pl-PL\"}]}<\/script>\n<!-- \/ Yoast SEO plugin. -->","yoast_head_json":{"title":"Mass Extreme - Opinie, Cena - 50%, Sk\u0142ad, Efekty, Apteka, Forum | Lewartowska","robots":{"index":"index","follow":"follow","max-snippet":"max-snippet:-1","max-image-preview":"max-image-preview:large","max-video-preview":"max-video-preview:-1"},"canonical":"https:\/\/lewartowska.pl\/apt\/produkt\/mass-extreme\/","og_locale":"pl_PL","og_type":"article","og_title":"Mass Extreme - Opinie, Cena - 50%, Sk\u0142ad, Efekty, Apteka, Forum | Lewartowska","og_description":"Co to jest Mass Extreme i jak dzia\u0142a? Mass Extreme to innowacyjny suplement diety, kt\u00f3ry zosta\u0142 stworzony specjalnie dla os\u00f3b d\u0105\u017c\u0105cych do budowania masy mi\u0119\u015bniowej. Kluczowymi sk\u0142adnikami tego preparatu s\u0105 substancje, kt\u00f3re wspieraj\u0105 proces anaboliczny, co w efekcie prowadzi do szybszego wzrostu i regeneracji mi\u0119\u015bni. Dzia\u0142anie Mass Extreme opiera si\u0119 na zwi\u0119kszeniu poziomu azotu w&hellip;&nbsp;Read More &raquo;Mass Extreme","og_url":"https:\/\/lewartowska.pl\/apt\/produkt\/mass-extreme\/","og_site_name":"Lewartowska","article_modified_time":"2025-03-09T19:46:32+00:00","og_image":[{"width":768,"height":768,"url":"https:\/\/lewartowska.pl\/apt\/wp-content\/uploads\/2024\/05\/Mass-Extreme.jpg","type":"image\/jpeg"}],"twitter_card":"summary_large_image","twitter_misc":{"Szacowany czas czytania":"1 minuta"},"schema":{"@context":"https:\/\/schema.org","@graph":[{"@type":"WebPage","@id":"https:\/\/lewartowska.pl\/apt\/produkt\/mass-extreme\/","url":"https:\/\/lewartowska.pl\/apt\/produkt\/mass-extreme\/","name":"Mass Extreme - Opinie, Cena - 50%, Sk\u0142ad, Efekty, Apteka, Forum | Lewartowska","isPartOf":{"@id":"https:\/\/lewartowska.pl\/apt\/#website"},"primaryImageOfPage":{"@id":"https:\/\/lewartowska.pl\/apt\/produkt\/mass-extreme\/#primaryimage"},"image":{"@id":"https:\/\/lewartowska.pl\/apt\/produkt\/mass-extreme\/#primaryimage"},"thumbnailUrl":"https:\/\/lewartowska.pl\/apt\/wp-content\/uploads\/2024\/05\/Mass-Extreme.jpg","datePublished":"2024-05-21T09:30:38+00:00","dateModified":"2025-03-09T19:46:32+00:00","breadcrumb":{"@id":"https:\/\/lewartowska.pl\/apt\/produkt\/mass-extreme\/#breadcrumb"},"inLanguage":"pl-PL","potentialAction":[{"@type":"ReadAction","target":["https:\/\/lewartowska.pl\/apt\/produkt\/mass-extreme\/"]}]},{"@type":"ImageObject","inLanguage":"pl-PL","@id":"https:\/\/lewartowska.pl\/apt\/produkt\/mass-extreme\/#primaryimage","url":"https:\/\/lewartowska.pl\/apt\/wp-content\/uploads\/2024\/05\/Mass-Extreme.jpg","contentUrl":"https:\/\/lewartowska.pl\/apt\/wp-content\/uploads\/2024\/05\/Mass-Extreme.jpg","width":768,"height":768},{"@type":"BreadcrumbList","@id":"https:\/\/lewartowska.pl\/apt\/produkt\/mass-extreme\/#breadcrumb","itemListElement":[{"@type":"ListItem","position":1,"name":"Strona g\u0142\u00f3wna","item":"https:\/\/lewartowska.pl\/apt\/"},{"@type":"ListItem","position":2,"name":"Main","item":"https:\/\/lewartowska.pl\/apt\/"},{"@type":"ListItem","position":3,"name":"Mass Extreme"}]},{"@type":"WebSite","@id":"https:\/\/lewartowska.pl\/apt\/#website","url":"https:\/\/lewartowska.pl\/apt\/","name":"Lewartowska","description":"","potentialAction":[{"@type":"SearchAction","target":{"@type":"EntryPoint","urlTemplate":"https:\/\/lewartowska.pl\/apt\/?s={search_term_string}"},"query-input":{"@type":"PropertyValueSpecification","valueRequired":true,"valueName":"search_term_string"}}],"inLanguage":"pl-PL"}]}},"_links":{"self":[{"href":"https:\/\/lewartowska.pl\/apt\/wp-json\/wp\/v2\/product\/1537","targetHints":{"allow":["GET"]}}],"collection":[{"href":"https:\/\/lewartowska.pl\/apt\/wp-json\/wp\/v2\/product"}],"about":[{"href":"https:\/\/lewartowska.pl\/apt\/wp-json\/wp\/v2\/types\/product"}],"replies":[{"embeddable":true,"href":"https:\/\/lewartowska.pl\/apt\/wp-json\/wp\/v2\/comments?post=1537"}],"wp:featuredmedia":[{"embeddable":true,"href":"https:\/\/lewartowska.pl\/apt\/wp-json\/wp\/v2\/media\/1536"}],"wp:attachment":[{"href":"https:\/\/lewartowska.pl\/apt\/wp-json\/wp\/v2\/media?parent=1537"}],"wp:term":[{"taxonomy":"product_brand","embeddable":true,"href":"https:\/\/lewartowska.pl\/apt\/wp-json\/wp\/v2\/product_brand?post=1537"},{"taxonomy":"product_cat","embeddable":true,"href":"https:\/\/lewartowska.pl\/apt\/wp-json\/wp\/v2\/product_cat?post=1537"},{"taxonomy":"product_tag","embeddable":true,"href":"https:\/\/lewartowska.pl\/apt\/wp-json\/wp\/v2\/product_tag?post=1537"}],"curies":[{"name":"wp","href":"https:\/\/api.w.org\/{rel}","templated":true}]}}